 69?
3
Calculate the greatest common divisor of 423 and 18.
9
What is the greatest common factor of 34294 and 52?
26
Calculate the highest common factor of 30 and 980.
10
Calculate the greatest common factor of 9 and 9714.
3
Calculate the highest common factor of 172 and 602.
86
Calculate the greatest common factor of 78 and 6.
6
What is the highest common factor of 588 and 196?
196
What is the greatest common factor of 351 and 8541?
117
Calculate the greatest common factor of 944 and 531.
59
What is the highest common factor of 34 and 7837?
17
What is the greatest common divisor of 10 and 45?
5
Calculate the greatest common divisor of 160 and 70.
10
What is the highest common divisor of 29 and 45037?
29
What is the highest common factor of 299 and 23?
23
Calculate the greatest common factor of 7896 and 2.
2
Calculate the highest common divisor of 202 and 2.
2
Calculate the greatest common factor of 162 and 13149.
27
What is the greatest common factor of 93 and 62?
31
What is the highest common factor of 96 and 336?
48
What is the greatest common divisor of 41 and 2911?
41
Calculate the greatest common factor of 2455 and 5.
5
Calculate the greatest common divisor of 59 and 1003.
59
Calculate the highest common divisor of 132 and 148.
4
What is the highest common divisor of 10934 and 154?
154
What is the greatest common factor of 67 and 8777?
67
What is the greatest common factor of 3568 and 48?
16
Calculate the greatest common factor of 8 and 1576.
8
Calculate the highest common divisor of 40 and 230.
10
What is the greatest common divisor of 264 and 1044?
12
Calculate the greatest common divisor of 2412 and 288.
36
What is the greatest common factor of 183 and 2745?
183
What is the greatest common divisor of 899 and 93?
31
Calculate the greatest common factor of 707 and 14.
7
Calculate the highest common divisor of 15 and 48.
3
What is the greatest common divisor of 1160 and 145?
145
Calculate the greatest common divisor of 246 and 3075.
123
What is the greatest common divisor of 91 and 728?
91
What is the greatest common factor of 555 and 148?
37
Calculate the greatest common factor of 116 and 551.
29
Calculate the highest common factor of 40 and 410.
10
Calculate the greatest common factor of 134 and 3953.
67
What is the highest common factor of 8 and 40?
8
Calculate the highest common divisor of 4977 and 3792.
237
What is the highest common factor of 20 and 136?
4
What is the greatest common divisor of 89 and 89?
89
What is the greatest common divisor of 32 and 12?
4
What is the greatest common divisor of 671 and 183?
61
What is the greatest common divisor of 1245 and 525?
15
What is the highest common divisor of 31 and 3410?
31
Calculate the greatest common factor of 4 and 614.
2
Calculate the highest common divisor of 340 and 153.
17
Calculate the greatest common factor of 60 and 36.
12
Calculate the highest common factor of 2135 and 5795.
305
Calculate the highest common divisor of 33 and 654.
3
What is the greatest common factor of 1647 and 54?
27
What is the highest common factor of 21 and 12?
3
What is the greatest common factor of 287 and 196?
7
Calculate the highest common divisor of 683 and 1.
1
Calculate the greatest common divisor of 1603 and 7.
7
What is the highest common divisor of 52 and 1196?
52
Calculate the highest common factor of 108 and 24.
12
What is the greatest common factor of 6039 and 305?
61
What is the highest common divisor of 100 and 25?
25
Calculate the highest common divisor of 1139 and 17.
17
Calculate the highest common factor of 558 and 248.
62
Calculate the greatest common divisor of 5005 and 91.
91
Calculate the highest common divisor of 59 and 8909.
59
Calculate the highest common divisor of 26 and 1664.
26
What is the highest common divisor of 18 and 36216?
18
What is the highest common divisor of 176 and 7832?
88
Calculate the highest common factor of 4845 and 153.
51
What is the highest common divisor of 10 and 310?
10
What is the greatest common factor of 70 and 910?
70
What is the greatest common factor of 48 and 60?
12
What is the greatest common divisor of 558 and 372?
186
What is the highest common factor of 350 and 40?
10
What is the greatest common divisor of 16820 and 20?
20
Calculate the highest common divisor of 226 and 14803.
113
What is the greatest common divisor of 63 and 154?
7
What is the highest common factor of 5977 and 43?
43
What is the highest common divisor of 30 and 42?
6
Calculate the highest common divisor of 2744 and 476.
28
Calculate the greatest common divisor of 50 and 2.
2
Calculate the highest common divisor of 2 and 166.
2
What is the greatest common factor of 504 and 112?
56
Calculate the greatest common divisor of 30 and 855.
15
What is the greatest common factor of 7125 and 57?
57
Calculate the greatest common factor of 1 and 1605.
1
Calculate the greatest common divisor of 60 and 190.
10
What is the highest common factor of 60 and 2470?
10
What is the greatest common divisor of 2275 and 25?
25
Calculate the highest common divisor of 180 and 29940.
60
What is the highest common divisor of 1494 and 1328?
166
What is the highest common divisor of 1 and 37?
1
Calculate the highest common factor of 100 and 490.
10
What is the highest common divisor of 75 and 35025?
75
What is the highest common divisor of 256 and 192?
64
Calculate the greatest common divisor of 22 and 2134.
22
Calculate the greatest common divisor of 116 and 3596.
116
Calculate the highest common divisor of 42 and 3388.
14
Calculate the highest common factor of 7340 and 20.
20
What is the greatest common divisor of 31851 and 18?
9
What is the greatest common factor of 23513 and 7?
7
Calculate the greatest common divisor of 40 and 70.
10
Calculate the greatest common divisor of 153 and 10438.
17
Calculate the greatest common factor of 370 and 10.
10
What is the greatest common divisor of 108 and 684?
36
What is the highest common factor of 15 and 735?
15
What is the greatest common factor of 1 and 42?
1
What is the greatest common divisor of 330 and 66?
66
What is the highest common factor of 9 and 21?
3
Calculate the greatest common factor of 2768 and 104.
8
Calculate the highest common factor of 32 and 1184.
32
Calculate the greatest common divisor of 8 and 5.
1
What is the greatest common factor of 5336 and 174?
58
What is the greatest common factor of 798 and 168?
42
What is the greatest common factor of 280 and 24?
8
Calculate the highest common factor of 4842 and 18.
18
Calculate the highest common factor of 6 and 39.
3
What is the highest common factor of 315 and 1197?
63
Calculate the highest common factor of 960 and 272.
16
What is the highest common divisor of 567 and 4293?
81
Calculate the greatest common factor of 319 and 121.
11
What is the highest common divisor of 32 and 12?
4
Calculate the highest common divisor of 9 and 1503.
9
Calculate the highest common factor of 570 and 950.
190
Calculate the highest common factor of 56 and 546.
14
What is the highest common factor of 40 and 10232?
8
What is the highest common factor of 156 and 3048?
12
Calculate the greatest common factor of 27 and 23913.
9
Calculate the greatest common factor of 132 and 2552.
44
Calculate the greatest common factor of 28 and 12.
4
Calculate the highest common factor of 299 and 1058.
23
What is the highest common factor of 72 and 120?
24
What is the highest common factor of 124 and 1364?
124
Calculate the greatest common divisor of 6 and 15.
3
Calculate the greatest common divisor of 243 and 108.
27
Calculate the greatest common factor of 14 and 154.
14
What is the highest common factor of 60 and 32?
4
What is the greatest common divisor of 48967 and 23?
23
What is the highest common divisor of 40 and 184?
8
Calculate the greatest common divisor of 1118 and 86.
86
Calculate the highest common divisor of 47 and 5875.
47
What is the greatest common divisor of 220 and 4?
4
What is the greatest common divisor of 54 and 118?
2
What is the highest common divisor of 2369 and 23?
23
Calculate the greatest common factor of 70 and 33845.
35
Calculate the highest common divisor of 1 and 66.
1
Calculate the greatest common factor of 132 and 12.
12
What is the highest common factor of 21 and 408?
3
Calculate the greatest c